 Give d(4).
-48
Let a(v) = -2*v**2 + 3*v - 3. Calculate a(5).
-38
Let p(n) = 2*n**3 + 20*n**2 + 16*n - 18. What is p(-9)?
0
Let n(v) = 2*v**2 - 4. Calculate n(-2).
4
Let w(h) = h**3 + 11*h**2 + 15*h + 8. Determine w(-8).
80
Let i(o) = 69*o - 13. Determine i(1).
56
Let w(z) = 53*z - 9. Determine w(-1).
-62
Let k(c) = -4*c**2 - c + 4. Determine k(-2).
-10
Let p(w) = -w**2 - 12*w - 25. Determine p(-11).
-14
Let i(l) = 2*l - 13. Calculate i(11).
9
Let i(u) = 47*u + 377. Calculate i(-8).
1
Let w(f) = -f**3 - 2*f**2 + 2*f + 2. Determine w(2).
-10
Let f(c) = -3*c - 15. What is f(-2)?
-9
Let r(j) = -7*j - 44. Determine r(-6).
-2
Let c(s) = 2*s**2 - 4*s - 8. Calculate c(4).
8
Let o(h) = h**2 - 14*h - 11. Calculate o(15).
4
Let g(m) = 3*m**2 + 12*m + 6. What is g(-3)?
-3
Let s(z) = 26*z**2 + 4*z + 2. Calculate s(-1).
24
Let q(m) = 11*m - 93. Determine q(9).
6
Let g(y) = 4*y**2 + 5*y - 14. Determine g(4).
70
Let v(r) = 3*r**2 - 94*r - 50. What is v(32)?
14
Let y(o) = o**2 - 36*o - 124. Give y(39).
-7
Let p(d) = -6*d - 4. What is p(-4)?
20
Let p(a) = 35*a. Give p(-1).
-35
Let z(n) = -n**3 - 11*n**2 + 14*n. Determine z(-12).
-24
Let h(t) = t**3 + 9*t**2 + 9*t - 1. Determine h(-7).
34
Let t(m) = 20*m - 150. Determine t(8).
10
Let d(t) = 5*t + 87. Calculate d(-17).
2
Let b(t) = -5*t**3 - 2*t**2 + t + 2. Give b(2).
-44
Let m(o) = 29*o - 109. What is m(4)?
7
Let t(r) = -3*r**2 - 118*r + 87. What is t(-40)?
7
Let y(u) = -3*u. Give y(3).
-9
Let u(z) = -z - 12. Calculate u(-14).
2
Let f(h) = -2*h**2 + 2. Determine f(5).
-48
Let u(t) = 7*t + 33. What is u(-6)?
-9
Let p(b) = -b**2 - 23*b + 137. Calculate p(5).
-3
Let v(o) = 11*o - 26. Give v(2).
-4
Let g(s) = -s**3 + 6*s**2 + 5*s - 9. Calculate g(6).
21
Let k(l) = l**3 + 8*l**2 + 10*l + 1. Determine k(-6).
13
Let p(q) = -2*q**2 - 6*q + 2. What is p(-5)?
-18
Let o(j) = j**2 - 9*j - 4. Determine o(11).
18
Let c(v) = 20*v**3 - 2*v + 1. Determine c(1).
19
Let d(i) = i**2 + 12*i - 6. Give d(-9).
-33
Let h(g) = 35*g - 2. Determine h(-1).
-37
Let x(r) = -r**3 - 10*r**2 + 7*r + 12. Give x(-11).
56
Let z(s) = -9*s**2 - 2*s + 4. Determine z(-2).
-28
Let i(t) = -10*t**2 + 86*t + 20. Determine i(9).
-16
Let u(k) = -k**3 - 16*k**2 - 15*k - 5. Determine u(-15).
-5
Let d(i) = 4*i - 102. What is d(29)?
14
Let q(z) = 36*z + 30. What is q(-1)?
-6
Let k(l) = -l**3 + 27*l**2 - 29*l + 139. What is k(26)?
61
Let f(m) = -2*m**2 + 38*m + 38. What is f(20)?
-2
Let z(w) = -w**2 + 15*w - 44. Determine z(11).
0
Let u(s) = s**2 + 10*s - 16. What is u(-12)?
8
Let o(b) = b**2 - 28*b + 10. Calculate o(28).
10
Let r(g) = -8*g - 1. Determine r(-4).
31
Let r(q) = -33*q - 67. What is r(-2)?
-1
Let n(j) = j**3 - 10*j**2 - 8*j - 30. Give n(11).
3
Let d(y) = -y**3 - y**2 - y + 20. Give d(0).
20
Let w(m) = -m**3 + 13*m**2 + 16*m - 17. What is w(14)?
11
Let w(v) = -v**3 + 2*v**2 - v + 18. Determine w(0).
18
Let d(b) = 2*b**3 + 2*b**2 + b + 4. What is d(2)?
30
Let v(d) = d**3 + 12*d**2 + 25*d - 11. What is v(-8)?
45
Let r(j) = -6*j - 7. Determine r(0).
-7
Let q(t) = -54*t**3 - t + 2. Determine q(1).
-53
Let d(s) = s**2 - 17*s + 18. Calculate d(16).
2
Let i(j) = j**3 + 14*j**2 - 10. Calculate i(-14).
-10
Let k(a) = a - 7. Determine k(-15).
-22
Let b(w) = -w**2 - 3*w - 3. What is b(0)?
-3
Let b(s) = -s**3 + 23*s**2 - 56*s - 89. Calculate b(20).
-9
Let f(x) = -x**3 + 14*x**2 - 7*x - 16. Determine f(13).
62
Let d(j) = -j**2 + 21*j - 92. What is d(15)?
-2
Let t(x) = x**3 + 21*x**2 + 2*x + 40. Calculate t(-21).
-2
Let b(u) = -u**3 - 5*u**2 + 27*u + 17. Calculate b(-8).
-7
Let z(v) = v**3 + 22*v**2 - 3*v - 22. What is z(-22)?
44
Let i(y) = -y**2 + 2*y + 48. Determine i(8).
0
Let a(r) = -r**3 - 6*r**2 + 112*r + 7. Determine a(8).
7
Let a(p) = 25*p + 79. Calculate a(-3).
4
Let v(g) = 2*g**2 + 15*g + 7. Calculate v(-8).
15
Let m(w) = -w**3 - 25*w**2 + w + 37. Give m(-25).
12
Let y(o) = -o**3 + 30*o**2 - 142*o - 46. What is y(24)?
2
Let o(h) = -2*h. Give o(9).
-18
Let i(a) = -a**3 + 2*a**2 + 3*a - 2. What is i(3)?
-2
Let i(q) = 19*q + 4. Calculate i(2).
42
Let c(f) = f**3 - 13*f**2 + 2*f - 31. What is c(13)?
-5
Let f(c) = -5*c - 196. Determine f(-39).
-1
Let x(i) = -4*i**2 - 48*i - 1. What is x(-12)?
-1
Let x(r) = -r**3 + 6*r**2 + r + 17. Give x(0).
17
Let q(d) = d + 9. Calculate q(-11).
-2
Let h(s) = -8*s**2 + 4*s + 3. Determine h(-1).
-9
Let u(x) = -x**2 + 16*x + 25. Calculate u(18).
-11
Let p(x) = x + 7. Calculate p(5).
12
Let v(s) = 5*s + 56. Calculate v(-13).
-9
Let o(m) = m**2 + 3*m + 10. What is o(-3)?
10
Let p(i) = -i**2 - 14*i - 23. Determine p(-12).
1
Let m(k) = 42*k**2 - 2*k. Give m(1).
40
Let t(f) = -f**3 + 19*f**2 + 42*f - 2. Determine t(21).
-2
Let u(o) = 12*o - 12. Give u(-2).
-36
Let n(t) = 2*t + 7. Calculate n(3).
13
Let l(a) = a - 4. Give l(-9).
-13
Let m(n) = 3*n**2 + 15*n + 17. Calculate m(-4).
5
Let q(c) = -130*c - 8. Determine q(-1).
122
Let p(r) = 24*r - 2. Calculate p(4).
94
Let u(a) = -a**3 + 10*a**2 - 19*a + 17. Give u(8).
-7
Let r(l) = l**3 - 4*l**2 + 8*l - 11. Give r(4).
21
Let k(i) = i**3 + 3*i**2. Calculate k(-4).
-16
Let m(b) = -b + 26. Give m(18).
8
Let m(u) = 9*u + 4. What is m(2)?
22
Let p(t) = -2*t - 1. Give p(-4).
7
Let k(b) = -3*b**2 + 32*b + 20. Give k(11).
9
Let r(q) = -q**3 - 15*q**2 + 29*q - 81. Give r(-17).
4
Let w(k) = 2*k**2 + 26*k + 16. Calculate w(-12).
-8
Let b(q) = -q**2 - 6*q - 2. Calculate b(-9).
-29
Let d(n) = n**3 - 6*n**2 - 6*n + 4. Calculate d(7).
11
Let a(b) = 22*b + 26. Give a(-6).
-106
Let y(t) = 2*t - 37. What is y(0)?
-37
Let q(x) = x**2 - 12*x + 4. Give q(8).
-28
Let b(s) = 5*s + 11. Calculate b(-4).
-9
Let v(x) = x**2 - 15*x + 9. What is v(12)?
-27
Let c(n) = 5*n + 150. Determine c(-23).
35
Let t(s) = -8*s + 45. Give t(7).
-11
Let q(j) = -4*j**2 + j. Determine q(-4).
-68
Let i(d) = 4*d**3 - 3*d**2 + 2*d + 2. Calculate i(2).
26
Let m(x) = x**3 + 31*x**2 + 28*x - 53. What is m(-30)?
7
Let y(v) = v**2 + 12*v + 26. Calculate y(-7).
-9
Let a(l) = l + 30. Calculate a(-27).
3
Let q(y) = -3*y**2 - 5*y + 43. Determine q(4).
-25
Let m(b) = -b**2 - 7*b + 9. What is m(-8)?
1
Let p(g) = 8*g - 188. Calculate p(23).
-4
Let x(q) = -2*q**3 + 44*q**2 - 193*q + 2. Calculate x(6).
-4
Let k(d) = 6*d**2 + 2*d. What is k(-1)?
4
Let j(d) = -d**2 - 8*d - 12. Give j(-6).
0
Let j(h) = -h**3 + 14*h**2 - 22*h - 21. Determine j(12).
3
Let t(a) = a**3 - 16*a**2 + a - 13. What is t(16)?
3
Let g(c) = c**3 + 4*c**2 + 4*c + 9. What is g(-4)?
-7
Let h(o) = -o**2 - 2*o + 8. Determine h(0).
8
Let k(d) = d**2 - 30*d + 59. Calculate k(28).
3
Let b(g) = g + 18. What is b(0)?
18
Let t(l) = 13*l - 203. Give t(18).
31
Let r(d) = d**3 + 19*d**2 + 34*d - 20. Determine r(-17).
-20
Let g(w) = -3*w**3 - w**2 - w + 2. Determine g(1).
-3
Let m(o) = o**3 - 6*o**2 - 5*o + 6. Give m(5).
-44
Let h(f) = f**2 - 41*f + 137. Give h(37).
-11
Let t(o) = 3*o**3 + 36*o**2 - 2*o - 53. Calculate t(-12).
-29
Let n(m) = -m**3 - 9. Calculate n(0).
-9
Let g(o) = 23*o + 6. Calculate g(-2).
-40
Let u(r) = -5*r - 40. Determine u(-8).
0
Let q(s) = 5*s - 27. Give q(7).
8
Let k(w) = w**2 - 18*w + 42. What is k(17)?
25
Let n(x) = -10*x + 1. What is n(-1)?
11
Let w(t) = -6*t + 98. Give w(16).
2
Let q(l) = -l**2 - l. Calculate q(1).
-2
Let f(b) = b - 14. Determine f(18).
4
Let g(r) = -2*r**2 - 3*r - 2. Give g(8).
-154
Let i(m) = 5*m**2 + 76*m + 19. What is i(-15)?
4
Let w(z) = -13*z + 148. Calculate w(12).
-8
Let t(k) = k**3 + 10*k**2 + 2*k + 6. Give t(-10).
-14
Let b(f) = 3*f**3 + 13*f**2 - 16*f - 32. Give b(-5).
-2
Let h(l) = -29*l + 338. Give h(12).
-10
Let x(i) = i**2 - 7*i + 12. Give x(6).
6
Let k(q) = -q**3 - 10*q**2 + 3*q - 1. Calculate k(-10).
-31
Let c(j) = j**3 + 5*j**2 - 12*j + 13. Determine c(-7).
-1
Let y(r) = r**3 + 3*r**2 - 2*r - 4. Give y(-3).
2
Let o(a) = 22*a + 33. What is o(0)?
33
Let y(p) = -p**3 - 7*p**2 + 43*p - 31. What is y(-11)?
-20
Let s(n) = -2*n**2 + n - 121. Determine s(0).
-121
Let b(c) = 2*c**3 - 19*c**2 + 6*c + 8. What is b(9)?
-19
Let d(k) = -k**2 + 25*k - 89. Determine d(4).
-5
Let b(v) = v**3 - 35*v**2 + 36*v - 58. Give b(34).
10
Let t(x) = -x**3 - 14*x**2 - 17*x - 15. Give t(-13).
37
Let q(o) = -o**2 - 30*o + 146. What is q(-34)?
10
Let y(o) = o**2 - 36*o - 95. What is y(38)?
-19
Let r(l) = 3*l**2 - 72*l + 67. Determine r(23).
-2
Let r(a) = -a